00
Let y(v) = v**2 - 29*v - 115. Calculate the remainder when 648 is divided by y(-6).
78
Suppose 38*n = 499 + 52 + 19. Let i(l) = 8*l + 1. Let a(o) = 2*o**2 - 4*o - 1. Let g be a(3). What is the remainder when i(g) is divided by n?
11
Let y(a) = 1294*a + 15741. What is the remainder when y(-9) is divided by 128?
127
Suppose 216 = 5*y - 259. Suppose -4*f = -8*j + 580, -5*j + 4*f - 3*f = -376. What is the remainder when y is divided by j?
18
Suppose -151*r = -r - 1800. Calculate the remainder when 1123 is divided by r.
7
Let l = -167 - -533. Calculate the remainder when l is divided by 157.
52
Let g be (-6897)/(-11) + (0 - 6). Suppose -1167 = -12*j + g. What is the remainder when j is divided by 15?
14
Let c(g) = g**3 - 5*g**2 - 5*g + 3. Let i(u) = -u**2 - 23*u + 26. Suppose -9*l = 50 + 166. What is the remainder when c(6) is divided by i(l)?
1
Suppose 0 = 8*d - 17*d + 882. Let f = -56 + d. Let r = -29 + f. What is the remainder when 22 is divided by r?
9
Suppose 0*s + 3 = -3*s, 2*s = 2*p - 22. Suppose -719 = -p*v - 189. Calculate the remainder when v is divided by 14.
11
Let i = -244 + 244. Suppose -5*c + m + 76 = i, 31 = -8*c + 10*c - m. Calculate the remainder when 31 is divided by c.
1
Suppose -5*d = -0*d. Suppose d*t + 138 = 2*t. Let j = -257 + 271. What is the remainder when t is divided by j?
13
Suppose -u + 2818 = -3*f, 5*f = 4*u - 9887 - 1399. Calculate the remainder when u is divided by 25.
24
Let q = 768 - 772. Calculate the remainder when (18/q)/(3/(-2)) + 355 is divided by 90.
88
Suppose -105*p + 51456 = 87*p. Calculate the remainder when 660 is divided by p.
124
Let s = 44 + -13. What is the remainder when s is divided by (-3)/(-9)*6*(-4 - -8)?
7
Suppose 150866 = 198*t - 27334. Calculate the remainder when t is divided by 11.
9
Let d = 782 - 645. What is the remainder when d is divided by (-56)/10*(37 - 2)/(-7)?
25
Calculate the remainder when 556 is divided by 2/(-14)*3 + (-6780)/(-140).
28
What is the remainder when 359 is divided by 56/616 + (-1230)/(-22)?
23
Let j(u) = -2*u + 96. Calculate the remainder when 573 is divided by j(7).
81
Suppose -132 = -39*x + 219. Let j(a) = a**3 - 8*a**2 - 11*a + 45. What is the remainder when 64 is divided by j(x)?
10
Suppose -229*m = -230*m - 372. Let z = m - -446. Suppose 0 = 4*u - u - 45. Calculate the remainder when z is divided by u.
14
Suppose 0 = 41*x + 3433 - 4458. Let r be 7/(14/40) + 0. Let m = r - -53. What is the remainder when m is divided by x?
23
Let d = 8732 + -7538. What is the remainder when d is divided by 86?
76
Let i = -6 - -17. What is the remainder when (-160)/(-220)*1595/20 is divided by i?
3
Let z(f) = -9*f - 28. Let c(u) = -u**3 + 9*u**2 - 2*u + 34. What is the remainder when z(-8) is divided by c(9)?
12
Let w be 3/(-6)*(-1416)/6. Suppose 1491 = -111*z + w*z. Calculate the remainder when z is divided by 55.
48
Suppose -5*k + 4*i = 24, 0 = -2*k + 5*i - 8*i - 5. Let n = k + 19. What is the remainder when (-21)/28 + ((-291)/(-4) - -2) is divided by n?
14
Let b(d) = -5*d + 13. Let t be b(-2). Suppose t*o - 556 = 824. What is the remainder when o is divided by 16?
12
Calculate the remainder when 1896 is divided by (-66030)/(-70) - ((-11)/66 + 38/84).
10
Suppose 22*y = 57*y + 74*y - 1308. Calculate the remainder when 3621 is divided by y.
9
What is the remainder when 1228/3 - (-67)/(-201) is divided by 104?
97
Let x = 382 - -497. Suppose -321 - x = -30*v. Calculate the remainder when (2 + 224/6)*3 is divided by v.
38
Calculate the remainder when ((-393)/5 - -1)/(9*4/(-180)) is divided by 113.
49
Suppose 7*w = 4*w + 2*o + 324, -4*o + 324 = 3*w. Let y = w - 102. Calculate the remainder when (1 - (-1)/(-5))*20 is divided by y.
4
Let c = 2095 + -2084. Calculate the remainder when 2386 is divided by c.
10
Let p(h) = 80*h - 371. What is the remainder when p(7) is divided by 10?
9
Suppose 8*j + 159 = 2927. Calculate the remainder when j is divided by -2*(9/6 + -1 - 15).
27
Let c(t) = 7*t**3 + 11*t**2 + 152*t - 599. What is the remainder when 1273 is divided by c(4)?
7
Let o(r) = -r**3 - 13*r**2 + 15*r + 112. What is the remainder when o(-15) is divided by 76?
33
Let s = 60 - 47. Let j(b) = -b**3 - 5*b**2 + b + 4. Let i be j(-7). Let k = -61 + i. What is the remainder when k is divided by s?
8
Let o(d) = 45*d**2 + 13*d - 9. Let h be o(4). Suppose 6*z + 133 - h = 0. Calculate the remainder when z is divided by (0 - 1/(-2))*24.
9
Suppose -15675 = -27*r - 3741. Suppose -27*m - r = -40*m. What is the remainder when 95 is divided by m?
27
Let p(w) = -114*w - 1321. Calculate the remainder when p(-15) is divided by 124.
17
Let b = -2999 + 3071. Calculate the remainder when 425 is divided by b.
65
Suppose -4*z = -v - 24095, z + 3*v - 2589 = 3451. What is the remainder when z is divided by 22?
19
Suppose 0*l + 3*c = -3*l + 549, 5*l - 911 = -4*c. Suppose 2*z + 32 = 4*p, 5*p - 820*z + 824*z - 92 = 0. Calculate the remainder when l is divided by p.
11
Calculate the remainder when 2 + (7 - -579) + -6 + 4 is divided by 190.
16
Let k = 1367 + -1342. Suppose 3*i + 82 = s, 0 = 5*s + i - 4*i - 434. Calculate the remainder when s is divided by k.
13
Calculate the remainder when 268 is divided by (-4)/(-80)*8 - (-412)/20.
16
Suppose x - 2*d = -x + 54, 3*x + d - 93 = 0. Let w(i) = 8*i + 65. What is the remainder when w(12) is divided by x?
11
Let w(j) = -23*j + 69. Let y = 133 + -137. Calculate the remainder when w(y) is divided by 27.
26
Let i = 6417 - 6236. What is the remainder when i is divided by 99?
82
Suppose 2*q - 20 = -q - 5*r, 0 = 2*q - 5*r - 5. Suppose w - 829 + 208 = -5*o, 0 = o + q*w - 105. Let g = -68 + o. What is the remainder when g is divided by 12?
9
Let g = -24957 + 31793. What is the remainder when g is divided by 114?
110
Let h be (-9)/18 + 43/2. Let t(a) = a**2 - 21*a + 67. What is the remainder when t(h) is divided by 14?
11
Suppose 9 = 2*s + 2*n - 5, -2*s = n - 9. Suppose 0 = -s*z + 22. Let t(f) = -f**2 + 14*f - 22. What is the remainder when 87 is divided by t(z)?
10
Suppose -s + 196 = 4*l, -5*s - 417 = -5*l - 172. Calculate the remainder when l is divided by 5.
4
Suppose -46*t + 44*t - 8 = 0. Suppose -j - 2*j + 36 = -4*g, g + 12 = j. Calculate the remainder when 41*(-10 - t - -7) is divided by j.
5
Let w = 1421 + -932. Suppose 5*p - w = -2*o, -2*p - 2*o - 35 = -227. Calculate the remainder when p is divided by 19.
4
Let j be (6243/(-33) - 0) + (-2)/(-11). Let c = -159 - j. What is the remainder when 102 is divided by c?
12
Let d(i) = -i**2 + 9*i + 14. Suppose 0 = 5*z - 11*z + 474. Calculate the remainder when z is divided by d(7).
23
Suppose 17*q - 4039 = -1744. What is the remainder when 141 is divided by q?
6
Let p be 272*(1 - (-6)/4). Suppose -5*g - 3*r = -4*r - 5, 2*r - 8 = g. Suppose g*s + p = 10*s. What is the remainder when s is divided by 22?
19
Let j be (-1)/4*-2079 - (-18)/(-24). Suppose -j = -5*c - 3*g, -7*g - 6 = -9*g. Calculate the remainder when 407 is divided by c.
101
Let n be (-91)/52 - (-2)/(-8). Let j(h) = -h + 1. Let d(z) = 8*z - 62. Let w(b) = n*j(b) + d(b). What is the remainder when 16 is divided by w(7)?
4
Let d(f) = f**3 - 11*f**2 - 15*f + 39. Let p be d(12). Suppose -p*t + 567 = 4*h, -2*t = -3*t + 4*h + 173. Calculate the remainder when t is divided by 31.
30
Let a = 44 + 35. Let r be (a - -1)*(-2)/(-4). Let g = 67 - r. Calculate the remainder when 107 is divided by g.
26
Let w(q) = 2*q**2 - 319*q - 2476. What is the remainder when w(-8) is divided by 34?
0
Suppose -8 = 2*s, -1353 + 555 = -2*x - s. Calculate the remainder when x is divided by 100.
1
Suppose 21 = 4*l - 5*o, -5*l + 76 = -2*o + 37. Let i be ((-7)/(-21))/(1/48). Suppose i = -3*r + 7*r. Calculate the remainder when l is divided by r.
1
Let h(x) = -2*x**2 - 19*x - 49. Let i be h(-3). Let o(s) = 2*s**2 + 10*s - 68. Calculate the remainder when 66 is divided by o(i).
2
Let l(b) = 2*b**3 - 2*b**2 - 11*b + 4. Let q be 1 + 1 - ((-21)/3 + 6). What is the remainder when 47 is divided by l(q)?
5
What is the remainder when ((-23157)/62 + (-4 - (-1)/1))*-2 is divided by 126?
123
Suppose -5*g + 82*q + 289 = 80*q, -5*g - 4*q = -217. Let n = 365 + -154. Calculate the remainder when n is divided by g.
52
What is the remainder when 42 is divided by (-33)/(-176)*2 - (-927)/24?
3
Let i(j) = -j**2 - 25*